ose -15*t + 16*t = 39. What is the remainder when t is divided by z(a)?
9
Suppose 4*r = 3*a - 95, -2*r = 4*a + 2*r - 164. Let i = -8 + 6. What is the remainder when a is divided by (-26)/(1/(1/i))?
11
Let k be (-1 - -40)*(1 + 0). Suppose 3*n + 5*m = 2*n + 26, 0 = 3*n + 2*m - k. Let p(t) = t**2 + 5*t - 5. What is the remainder when p(-9) is divided by n?
9
Suppose -j + 4*q = 2*q - 14, 4*j + 2*q - 46 = 0. What is the remainder when j is divided by 4?
0
Suppose 2*k - 4 = -2*s, 4*k - 6*s + 3*s + 6 = 0. Suppose 7*x - 2*x - 255 = k. Calculate the remainder when x is divided by 18.
15
Let r = -79 + 104. What is the remainder when 99 is divided by r?
24
Suppose -2*s + 3*s - 14 = k, 60 = 4*s - 5*k. What is the remainder when 59 is divided by s?
9
Suppose 92 = 2*r + 2*r. Suppose 2*g + r - 139 = 0. What is the remainder when g is divided by 15?
13
Let m(q) = 19*q**2 - q - 1. Suppose 30 = -2*w + 5*w. What is the remainder when m(-1) is divided by w?
9
Suppose -3*f + 5*m - 1 + 10 = 0, 0 = 3*f + m - 27. What is the remainder when 27 is divided by f?
3
Let b = 7 + 5. Suppose -g = -4*g + b. Calculate the remainder when (2 + 4)*14/g is divided by 11.
10
Let a = -17 + 35. Let d(z) = 4*z**2 - 2. What is the remainder when d(3) is divided by a?
16
Suppose -2*p - l + 224 - 63 = 0, -5*l = 25. What is the remainder when p is divided by 29?
25
Let k be (-5 + 2)*(-10)/6. Let d(z) = 2*z - 5. Calculate the remainder when d(k) is divided by (0 + -2)*1 + 4.
1
Let z(q) = 5*q - 2*q + q - 3*q - 1. What is the remainder when z(5) is divided by 3?
1
Let t = 284 - 173. Calculate the remainder when t is divided by 38.
35
Suppose 0 = 2*m + m + 2*u - 5, 2*m = -u + 4. Let n be 10/m*30/4. Let s = -13 + n. Calculate the remainder when 22 is divided by s.
10
Suppose 62 = 7*y - 134. Calculate the remainder when 81 is divided by y.
25
Let k be 70/10 - (1 + -5). Suppose 76 = -7*j + k*j. Calculate the remainder when 73 is divided by j.
16
Suppose -4*f = 4*b - 40, -f - 3*f + 2*b + 70 = 0. Calculate the remainder when f is divided by 6.
3
Let q be (-33)/6 - 12/(-8). Calculate the remainder when q + 21 - -3*1 is divided by 7.
6
Let l(g) = g**2 - 3*g + 10. What is the remainder when l(5) is divided by 7?
6
Let w = 32 + -20. Suppose 0 = 2*b + 2*z - 6*z - 20, -2*b + 2*z + 30 = 0. Let s = b - w. Calculate the remainder when 29 is divided by s.
5
Suppose 0 = -g + 19 - 5. Let o = -24 + 64. Calculate the remainder when o is divided by g.
12
Suppose -13*g + 208 = -0*g. Calculate the remainder when 95 is divided by g.
15
Let r be (-1 + -3)/(10/25). Let g = r + 20. What is the remainder when g is divided by 6?
4
Let p(j) = -j**3 - 3*j**2 - j. Let w be p(-2). Let y = 0 - w. Suppose 17 = 4*s + 3*o, 3*s - y*o + 3*o - 14 = 0. What is the remainder when s is divided by 2?
1
Let w(k) = k**3 - 8*k**2 + 5*k + 2. Let j be w(6). Let a = j + 58. Calculate the remainder when a is divided by 10.
8
Let b(f) be the third derivative of f**5/60 + f**4/4 - 13*f**3/6 - 4*f**2. Calculate the remainder when 53 is divided by b(-9).
11
Suppose 8*g - 11 = 7*g. Let f(j) = j**2 - j. Calculate the remainder when f(7) is divided by g.
9
Suppose 8 = z + 4. Suppose c = 3*u + z*c - 63, -4*c = -20. What is the remainder when u is divided by 6?
4
Let k be 7/(-14) + 10/4. Suppose k*c - 30 = 6. What is the remainder when 34 is divided by c?
16
Suppose 0 = 4*u - 13 + 5. Suppose u*s - 3*s + 28 = 0. What is the remainder when s is divided by 15?
13
Let v(j) = j**3 + 2*j**2 + 2*j - 2. Suppose -4 = 5*g - 14. Let u be v(g). Let h = 29 - u. Calculate the remainder when h is divided by 4.
3
Let k = -103 + 155. What is the remainder when k is divided by 18?
16
What is the remainder when 6/(-33) + 466/22 is divided by 6?
3
What is the remainder when 30 is divided by (-37 - 10/(-2))/(-2)?
14
Suppose 3*b = 3*g - 9, -24 = 2*g - 0*g + 4*b. Let n = g - -5. Suppose o = -n*o + 28. What is the remainder when 12 is divided by o?
5
Suppose 5*s - s + 5*q - 677 = 0, -4*q = -4. What is the remainder when s is divided by 34?
32
Suppose -5*i = -3*i. Suppose i = u + 8 - 32. Let q(j) = -2*j**3 - 2*j**2 - 3*j - 1. Calculate the remainder when u is divided by q(-2).
11
Suppose -4*h + 2*j + 186 = -0*j, -2*h + 5*j + 97 = 0. Let r = -4 - -4. Suppose -2*f + 16 = b, f = -r*f + 2. Calculate the remainder when h is divided by b.
10
Suppose -3*v - 202 - 1 = -4*r, 3*r - 168 = -3*v. What is the remainder when r is divided by 5?
3
Suppose 5*q + 3*x = 0, -8*q = -3*q - 4*x. Let g = q + -1. Let u = g + 7. Calculate the remainder when 17 is divided by u.
5
Suppose -2*b + 2*q = 4, 3*b + 1 = -3*q + 13. Suppose 7 = 4*n - 5. Suppose 5*s + 7 = -n*w, -2*s - 5 = w - 2. Calculate the remainder when w is divided by b.
0
Suppose a + 2*a + d = -29, -15 = 2*a + 5*d. Let m = 4 + -3. What is the remainder when a/(-8) - (-2)/(-8) is divided by m?
0
Suppose f - 4 = 1. Let j(m) = -m**3 + 6*m**2 - 6. Calculate the remainder when ((-80)/(-6) - 1)*3 is divided by j(f).
18
Let g(h) be the third derivative of h**4/24 + h**3/3 + 2*h**2. Let p be g(-2). Let t = p - -8. What is the remainder when t is divided by 5?
3
Let j = 18 - -4. Let v = 41 + j. Let w = -39 + 55. Calculate the remainder when v is divided by w.
15
Let b = 104 + -100. Calculate the remainder when 21 is divided by b.
1
Let g(y) be the third derivative of -y**6/120 + 3*y**5/20 + y**4/2 - y**3/2 - y**2. What is the remainder when 67 is divided by g(10)?
16
Let z(t) = t**3 - 4*t**2 - 9*t + 4. Calculate the remainder when 85 is divided by z(6).
19
Let x = 29 - 3. Calculate the remainder when x is divided by 7.
5
Suppose -2*d - 15 = 3*d. Let i(p) = p**2 + 4*p + 4. Let b(k) = k**3 + 13*k**2 + 14*k + 25. Calculate the remainder when b(-12) is divided by i(d).
0
Suppose 4*d - 3*d - 7 = h, 3*h = -2*d + 34. Suppose -l = 1 - 3. Suppose 7*o - l*o = 20. What is the remainder when d is divided by o?
3
Let p(g) = 6*g**2 - 15*g - 3. Calculate the remainder when p(-4) is divided by 14.
13
Let t = 427 + -401. Suppose -35 - 9 = -4*c. Let l = 20 - c. What is the remainder when t is divided by l?
8
Let g = -39 - -49. What is the remainder when 14 is divided by g?
4
Let a(s) = 2*s**2 - 5*s - 3. Suppose -9 = 4*m - 25. What is the remainder when a(m) is divided by 5?
4
Suppose -h - 11 = -31. Calculate the remainder when 98 is divided by h.
18
Suppose -12 = -4*q + 8. Suppose -q*c = -c + 20, 4*c = 4*m - 36. Suppose -m*v + 64 = -5*j, 0*j = -v - 4*j + 37. What is the remainder when v is divided by 6?
3
Suppose 0 = 2*l + 2*l - 208. What is the remainder when l is divided by 11?
8
Let g be (-1)/4 + 17/4. Suppose -g*i - i + 40 = 0. Suppose -2*m = i - 44. Calculate the remainder when 34 is divided by m.
16
Let n = 7 + 4. Calculate the remainder when ((-1)/2)/(3/(-246)) is divided by n.
8
Suppose 259 = -9*b + 16*b. What is the remainder when b is divided by 21?
16
Suppose -5*p = -p + i - 381, 5*p + 5*i = 465. Let y = -54 + p. What is the remainder when y is divided by 11?
9
Suppose 8*h - 2*h = 684. Suppose -4*s - h = -7*s. What is the remainder when s is divided by 0*2/4 - -13?
12
Let y = 21 - 16. What is the remainder when 9 is divided by y?
4
Suppose 180 = -3*k - 2*k. What is the remainder when 52 is divided by k/1*(-2)/4?
16
Suppose 0 = 2*q - 127 + 29. Let o be 4/(-6) - 150/(-9). Let k = o - 3. Calculate the remainder when q is divided by k.
10
Suppose -f - 2 + 19 = 2*m, -14 = m + 5*f. Suppose -3*p + p = -3*c + 74, 3*p + 97 = 4*c. Calculate the remainder when c is divided by m.
6
Suppose 0 = -4*m - 1 + 73. Suppose 7*w - 625 = 2*w. Let q = -73 + w. What is the remainder when q is divided by m?
16
Let k = -6 + 8. Suppose -23 = -k*s - s + 2*g, 4*s + 5*g = 69. What is the remainder when s is divided by 6?
5
Let r(u) = -7*u**3 + 14*u**2 + u + 2. Let v(t) = -t**3 + t**2 + 1. Let a(f) = r(f) - 6*v(f). What is the remainder when 13 is divided by a(8)?
1
Let b(c) = -12*c - 7. What is the remainder when b(-8) is divided by 23?
20
Suppose u - 2*u = 2*p - 193, -197 = -2*p - 5*u. Calculate the remainder when p is divided by 33.
30
Let u(w) = 2 + 2*w - 1 - 2. Let k be u(2). Suppose -k*f - f = -3*q + 61, 2*f + 53 = 3*q. Calculate the remainder when 43 is divided by q.
13
Let k(h) = -h**3 + 12*h**2 - 9*h - 12. Calculate the remainder when 16 is divided by k(11).
6
Let q be 1 